306. Is r composite?
False
Let l(k) be the third derivative of k**6/120 + k**5/6 + 7*k**4/24 - 11*k**3/6 + 2*k**2. Is l(-9) composite?
False
Let k = 12 - 14. Is ((-260)/k)/((-12)/(-6)) a prime number?
False
Let r be ((-1)/4)/(4/(-16)). Let w(b) = 83*b + 1. Let u be w(r). Suppose 2*l = -2*l + u. Is l a composite number?
True
Suppose k - 291 = -2*v, -5*k + 3*v = -0*v - 1455. Is k a composite number?
True
Suppose -v + 6*v + 5*m = 245, -v + 37 = -3*m. Is v a composite number?
True
Suppose 7*x - 2684 = 3*x. Is x prime?
False
Suppose h + 0 = -1. Is h/(-4) - (-227)/4 a composite number?
True
Is (0 + -6)*159/(-6) a composite number?
True
Let p(h) = 2*h + 635. Is p(0) prime?
False
Let p(u) = -u**3 + 6*u**2 - 6*u + 7. Let o be p(5). Suppose 12 = o*d + d, 2*x - 796 = -2*d. Let a = x - 279. Is a composite?
True
Let i(p) = -p + 7. Let q be i(10). Let z = 0 - q. Let t = 16 - z. Is t a prime number?
True
Suppose -2*z - 2710 = 3*z. Let o = z - -1431. Is o a prime number?
False
Let y be (133/(-2))/(2/(-20)). Let m = -304 + y. Is m a prime number?
False
Let i(f) = -21*f - 3 - 45*f - f. Is i(-2) a composite number?
False
Let l = -1356 - -2953. Is l a prime number?
True
Let q be (12/(-5))/((-15)/200). Let x = q + 5. Is x a prime number?
True
Suppose 2*h + 1 = 3*f, -4*h + 27 = 5*f - h. Let g be (-1)/f + 3/9. Suppose g = -4*d - z + 11, 2*z + 6 = -3*d + 6*z. Is d a composite number?
False
Suppose d = 2*d. Suppose d = -4*w - 0*w. Suppose -2*n + 382 = -w*n. Is n a composite number?
False
Suppose 1632 = 3*r - 2079. Let x = 1904 - r. Is x a prime number?
False
Suppose 0 = 2*d + 3*i - 1393, -4*i = -0*d - d + 713. Is d prime?
True
Let i(d) = 6*d**3 - 7*d**2 + 17*d + 1. Is i(7) prime?
False
Let u be 6/(-4) - 39/(-6). Suppose -2*s = -3*l - 114 + 29, u*l - 45 = -2*s. Is s a prime number?
False
Let g be ((-1)/(-2))/(1/(-18)). Suppose 1 = -a + 15. Let d = a - g. Is d prime?
True
Suppose 30 = -0*v + 5*v. Let n(r) = 2*r**3 - 5*r**2 - 6*r + 1. Is n(v) composite?
True
Suppose 0 = 2*d - 0*d - 4. Suppose 46 = 5*l + 3*n + 15, -d*l = 4*n - 18. Suppose 183 - 28 = l*a. Is a composite?
False
Is (-2)/4 + 478/4 a composite number?
True
Let d(a) be the second derivative of a**5/20 - a**4/2 - a**3/2 - 3*a**2 - a. Is d(7) composite?
True
Suppose -2*c + 4*m = -318, -5*c - m + 600 = -c. Suppose 3*a - 629 = -4*l, -l - a + c = a. Is l prime?
False
Let r = 77 - 20. Is r a composite number?
True
Let p(h) = -h + 4. Suppose -10 = -5*n - 0*n. Let d be p(n). Is (-21 + d)*-1 + 2 a composite number?
True
Let w(a) = 1. Let f(p) = p + 4. Let u(y) = -f(y) + 6*w(y). Let v be u(7). Is (-435)/25*1*v prime?
False
Suppose -75 = -3*w + 36. Is w prime?
True
Let c(w) = 2*w**3 - 8*w**2 + w - 8. Is c(6) a composite number?
True
Let s(r) = 48*r + 59. Is s(22) a prime number?
False
Let h be 3 + -1 + (0 - 0). Let p(a) = 2*a - 3 - h*a + 2*a. Is p(8) composite?
False
Let u = -11 - -7. Let k(v) = 25*v**2 - 4*v - 3. Is k(u) prime?
False
Suppose 1 = j - 4. Suppose -j*b - 13 = -38. Suppose 6*f - 2*w + 24 = 8*f, 0 = 3*f - b*w - 60. Is f composite?
True
Suppose -3 = x - 1. Let h be x/(-4)*(-3 - -1). Is h/6 - 446/(-12) a prime number?
True
Suppose 11*u - 14*u = -165. Is u prime?
False
Let y be (-2 + 0)/((-5)/5). Is ((-2)/y)/((-4)/212) composite?
False
Suppose -4*i - 2 = -3*s + 4*s, 0 = 2*i. Is 6/s - (-6 - 7) prime?
False
Let r = -6 + 8. Suppose -2*o - r*o = 176. Let y = 75 + o. Is y a composite number?
False
Let i = 167 - 112. Is i a composite number?
True
Suppose -4*f - 164 = -4*c, 0*c + 213 = -5*f + 3*c. Suppose 3*y - 418 = -4*q, -2*q + 158 = y + 16. Let l = f + y. Is l a prime number?
True
Suppose -2*r - 4 = -2. Let s be (0/2)/(1 - r). Suppose 2*q - 104 = 3*f - s*f, -5*q + 302 = 3*f. Is q composite?
True
Suppose -v = -0*v + 16. Let c be 2*2*(-52)/v. Suppose 0 = -4*g + 41 - c. Is g a prime number?
True
Suppose 0 = -t + 3*t + 12. Let v(a) = -a**3 - 5*a**2 + 5*a - 1. Let r be v(t). Suppose -125 + 50 = -r*i. Is i composite?
True
Let j(z) = -z**3 + 8*z**2 + 5*z - 5. Let p be j(6). Let y = p - 249. Is 2 - 2 - (y - -3) composite?
False
Let h(q) = -6*q - q**2 - 5 + 3 + 0*q**2. Let n be h(-5). Suppose -4*x - 2*w = -n*w - 802, -2*x + w = -400. Is x prime?
False
Suppose 7*n = 4*n + 15. Let o = n + -5. Suppose -u - 2*u + s + 32 = o, s + 2 = 0. Is u a prime number?
False
Suppose 4*z = 20, -t = -2*z + z - 10. Suppose t = 5*q - 5. Suppose d - 147 = -0*d + 2*r, r + 616 = q*d. Is d a composite number?
True
Let y be 0/2 + (-72)/(-3). Let j = -17 + y. Suppose n - 72 = j. Is n a prime number?
True
Let c = 8384 + -4927. Is c a composite number?
False
Suppose 0 = -5*x + a + 37, -6*a + 23 = x - a. Let m(u) be the second derivative of u**4/6 - u**3 - 3*u**2 + 2*u. Is m(x) composite?
True
Let f be (-295)/(-10) - (-2)/4. Suppose -2*c = -5*c + f. Suppose c = -m - m, 2*p = -m + 225. Is p prime?
False
Let o(a) = 349*a**2 - 3*a - 3. Is o(-2) a prime number?
True
Is 683*(6/8 + (-4)/(-16)) a prime number?
True
Let d(h) = 5*h**3 + h**2 - 3*h + 1. Let l(w) = -9*w**3 - 2*w**2 + 7*w - 3. Let p(y) = 14*d(y) + 6*l(y). Is p(3) prime?
False
Suppose -2*d - o + 10 = 0, 3*d - 5*o + 5 = -6. Suppose -5*l - 13 + 46 = -2*f, d*l = 2*f + 19. Is l a composite number?
False
Suppose y + 2*w = 3*w + 145, 0 = -2*w - 4. Suppose x - 2*x + y = 0. Is x composite?
True
Let z(m) = -7*m**3 + 5*m**2 - 4*m - 2. Let y be z(-4). Let v = y + -379. Is v a prime number?
True
Let o(q) = q**3 - 3*q**2 + 2*q - 4. Let l be o(3). Suppose 270 = 11*f - 8*f. Suppose f = l*n + 4*k, 3*k = -4*n - 0*k + 200. Is n composite?
False
Let h(m) = 24*m + 37. Is h(10) a prime number?
True
Let g(j) = -12*j**2 - 4*j + 8. Let t(d) = -4*d**2 - d + 3. Let k(v) = 2*g(v) - 7*t(v). Is k(4) prime?
False
Suppose 5*a = 4*t - 2*t + 1239, -5*a = t - 1248. Is a composite?
True
Suppose 10*f = 5*f + 1945. Is f prime?
True
Let d be 2469/9 - 4/(-6). Let r = d + -130. Is r prime?
False
Let j be (-2 - -1) + -1 + 2. Suppose -2*a + 6 = j, 2*n - 5*a = 3*n - 46. Is n a prime number?
True
Let c be 0 + -1*(2 - 2). Let q(g) = g + 21. Is q(c) a prime number?
False
Is (-1655)/(-20) - (-2)/8 prime?
True
Let g(j) = j**3 + 3*j**2 - 3*j - 1. Let l be g(-4). Suppose 0*t - 72 = -4*t. Let b = l + t. Is b a composite number?
False
Let g = -6 + 8. Let a be g*(0 + 2 + 0). Suppose -a*h + 84 + 28 = 3*b, -h + 5*b = -5. Is h composite?
True
Suppose 3*o + o + 5*c = 1311, -2*c = 2. Let d = o + 44. Is d prime?
True
Let i(l) = 641*l**2 + l - 5. Is i(2) a prime number?
False
Let b be (-2)/9 + (-6)/(-27). Suppose j + j + 3*x + 4 = b, -3*x = -5*j - 10. Let p(n) = -2*n**3 - 3*n**2 - n + 1. Is p(j) composite?
False
Let u(s) = s**3 - 4. Let b be u(0). Let k(t) = -2*t + 3. Is k(b) a composite number?
False
Suppose -5*i - 1 - 4 = 0. Is i*3 + (35 - -3) prime?
False
Let c(h) = 38*h - 15. Is c(13) prime?
True
Suppose 2*n + 24 = 4*g, -n - g - 1 = 2*n. Let d be n/6 - 327/(-9). Suppose -3*v + d = -3*p - 0*p, 3*v - p - 34 = 0. Is v prime?
True
Let g = 712 + -449. Is g a prime number?
True
Suppose 0*h = 3*k + 2*h - 42, 63 = 4*k + 5*h. Let p(o) be the third derivative of 5*o**4/24 - 3*o**3/2 + 2*o**2. Is p(k) prime?
False
Let j(i) be the third derivative of 0*i + i**2 + 0 + 0*i**3 + 1/10*i**5 - 1/24*i**4. Is j(-2) a prime number?
False
Let l = 88 + 228. Suppose 0 = -3*i - l + 1078. Is i prime?
False
Let q = -490 - -1069. Let l = q + -365. Is 12/(-42) + l/14 a composite number?
True
Suppose -2*m + 2 = -10. Let k(s) = 2*s**2 - 5*s + 10. Let a(g) = -3*g**2 + 8*g - 15. Let f(y) = -5*a(y) - 7*k(y). Is f(m) a composite number?
False
Suppose 0*x = -2*x - 10. Let w be 1/(((-1)/x)/1). Suppose 3*g - h - 37 = 64, -g + 55 = w*h. Is g a prime number?
False
Let l(r) = -6*r + 2. Let w(s) = 12*s - 3. Let t(m) = -9*l(m) - 5*w(m). Is t(-6) prime?
False
Suppose 0*t + 2 = t. Let y = 3 + t. Suppose -4*s = 4*j - 76, 35 = 2*s - s + y*j. Is s a prime number?
False
Suppose 0 = -18*f + 13*f + 2595. Is f a composite number?
True
Let v(k) = -k**3 + 5*k**2 + k - 5. Let z = 5 + 0. Let g be v(z). Suppose -175 = -5*p - 3*y, g = -p + 4*p + 3*y - 105. Is p a composite number?
True
Let b(r) = -r - 13. Let d(y) = -1. Let k(h) = b(h) - 6*d(h). Let t be k(-7). Suppose t = -3*i - i + 56. Is i a composite number?
True
Suppose -r - 4 = -2*n, 0 = 4*r - 0*r - 4*n. Is (-3822)/(-4) + (-2)/r composite?
True
Let d =